. Is n*((-2)/6)/((-9)/27) composite?
True
Suppose -3*o = -0*o - 219. Let l(v) = v**2 - 22*v + 61. Let d be l(17). Let f = o + d. Is f a composite number?
True
Let p be (9/(-18))/((-1)/(-22)). Let j be 2/(1 + p/12). Suppose 0 = -3*k + 42 + j. Is k composite?
True
Let w = 7 - 16. Let k be ((-3)/w)/(1/6). Suppose 2*j - 4*v = 304, -k*j - 2*v + 325 = v. Is j a composite number?
True
Let i = -4655 + 10084. Is i a composite number?
True
Let w be 29/5 + 9/45. Suppose w*n + 1195 - 4105 = 0. Is n composite?
True
Suppose 15*n - 11*n = -c + 1043, 0 = 3*c + 5*n - 3122. Is c a prime number?
True
Suppose -4*m = 4*v - 8, 2*v - 4*m + 1 = 23. Let c(y) = 25*y**2 + 9*y + 3. Is c(v) prime?
True
Let r(x) = x**3 - 9*x**2 + 8*x + 9. Let k be ((-2)/(-3))/(2/27). Let w be r(k). Is 50445/w + 2/9 a composite number?
True
Let a be (-5)/((15/(-12))/5). Let l = a - 15. Suppose 4*d - 309 = x, -4*d + 133 = -l*x - 180. Is d prime?
False
Let a = 11665 + -4430. Is a prime?
False
Let x(y) = -3*y - 5. Let o(k) = -k - 6. Let b = 11 + -3. Let p be o(b). Is x(p) a composite number?
False
Let w(p) = -117*p + 166. Is w(-25) a prime number?
False
Suppose -10*h + 434 = -96. Let s = 824 + h. Is s prime?
True
Suppose x - 4 = -i + 47, i = -4*x + 201. Let u = 36 - -82. Suppose -4*p + u = 2*s, p = s - 0*p - x. Is s a prime number?
True
Suppose -7*z = -3*z - 36. Suppose z*f - 5*f - 1996 = 0. Is f composite?
False
Suppose 4*l + 1 = -7. Is (-1386)/(-4) - l/16*4 composite?
False
Suppose -5*b = -5*g + 25 + 5, -g - 2*b = 0. Let y = -1 + 1. Suppose y = -g*l - 0*l + 24. Is l composite?
True
Let t(i) = -13*i**3 - 9*i**2 - 15*i + 9. Is t(-4) a prime number?
True
Let a = -3974 + 12459. Is a prime?
False
Suppose -97 = -2*q - 41. Suppose -q = -z + 163. Is z composite?
False
Suppose 2*o + 869 = -y, 3*y + 3*o = y - 1737. Let u = y + 1365. Suppose 2*j + u = 5*w - 509, 2*j + 804 = 4*w. Is w a composite number?
True
Suppose -47*b + 76804 = -19*b. Is b a composite number?
True
Let q(n) = n**3 + 18*n**2 - 20*n - 17. Let z be q(-19). Let w be z/11 + (-560)/176. Is (w - 0/1) + 430 a prime number?
False
Suppose 2*w + 5*t + 1204 = -721, 0 = -2*w + 3*t - 1901. Is w*(1 - (-4 + 6)) composite?
True
Let l(y) = 799*y + 244. Is l(31) composite?
False
Suppose 0 = -37*s + 628385 - 97398. Is s composite?
True
Let h be 4/14 + (-4)/14. Let p = -18 - -22. Suppose 294 = 2*m - h*v + 2*v, p*m - 592 = -2*v. Is m prime?
True
Let b = 2393 - 958. Suppose 0 = 3*s + 5*k - 1432, -3*s - k = k - b. Is s a composite number?
False
Let h be (-6)/((0 - 0) + 2/3). Suppose 724 = f - 3*f. Let o = h - f. Is o prime?
True
Suppose -9 + 14 = a, 3*g - 1007 = 2*a. Is g composite?
True
Suppose -2029054 = -53*j - 360561. Is j composite?
False
Suppose 4*g + 26 = -294. Suppose -4*k + 3*k + 4*r - 26 = 0, -5*k - 235 = r. Let m = k - g. Is m prime?
False
Is (-2 - 3)*19047/(-105) prime?
True
Let v(c) = 1721*c**3 - c**2 + 1. Let y be 0*(-2)/(-6) - -1. Let j be v(y). Suppose 443 = 4*d - j. Is d prime?
True
Let d be (291/6 - 4)*12. Let c = d - -107. Suppose 174 + c = 5*x. Is x a prime number?
True
Let j = -371 + 1224. Is j composite?
False
Suppose 0 = -7*u - 15 + 1. Is 130 - (1 - (u - 0))/1 prime?
True
Let i = -7 - -9. Let d(j) = -8 + 22*j**i - 7 + 8. Is d(3) a prime number?
True
Let n(y) = 2*y**3 - 3 + 5*y - y**2 - 2 - 8 + 0*y. Is n(6) prime?
False
Suppose -2*z = -5*z - 1620. Let d(x) = -762*x**2 - x. Let w be d(-1). Let t = z - w. Is t composite?
True
Let y = -66 - -66. Suppose 2*k + 221 - 2793 = y. Is k composite?
True
Suppose -8*b - 1560 = -3*b. Let p = b + 719. Is p a prime number?
False
Let g(l) = l**2 - 4*l - 8. Let c be g(6). Suppose 0 = -0*s + c*s. Suppose s = 2*n - 4 - 22. Is n a composite number?
False
Let j(v) = v. Let b(k) be the second derivative of -3*k**4/4 - k**3 + k**2/2 + 2*k. Let h(y) = -b(y) - 2*j(y). Is h(6) a composite number?
False
Is -7183*((-36)/(-6) - 7) prime?
False
Suppose 0 = 61*h - 4486 + 887. Is h a composite number?
False
Suppose -4*a = -2*a - 204. Let h = -71 + a. Is h a composite number?
False
Suppose -5*d + 146210 = 5*d. Is d prime?
True
Let r(z) = 167*z - 57. Is r(8) a composite number?
False
Suppose -6*w - 246192 = -54*w. Is w a prime number?
False
Suppose -3*g - 11*p + 14562 = -8*p, 5 = -p. Is g prime?
False
Let k = -94 + 99. Suppose k*x + 3*n - 2*n = 270, 3*n - 227 = -4*x. Is x a prime number?
True
Let c(y) = -15*y**3 - 9*y**2 - 4*y + 8. Let a be c(-7). Suppose 0*u = 4*u - a. Suppose 0*m - 3*m = -u. Is m composite?
True
Suppose 0 = -5*u - 2*c + 15047, u + c - 3031 = 6*c. Is u prime?
True
Let z(l) = -l**3 - 5*l**2 - 6*l - 9. Let m(p) = p**3 - 3*p**2 - 7*p + 5. Let d be m(4). Is z(d) prime?
True
Suppose 0 = 3*q - 2*q + 2*n - 7, 3*n = -3*q + 12. Let u be q*54 - (11 + -8). Let r = u + 2. Is r a prime number?
True
Suppose -4*p = 21 + 23. Let d be 3/3 - 0 - p. Is (3 + -1)*1014/d composite?
True
Let p(y) = 24*y**3 - y**2. Let j be p(1). Suppose 3*f + 2 = j. Suppose -5*u - 222 = -f*u. Is u prime?
False
Let k(m) = -m - 1. Let a be k(-5). Suppose a*l - 699 = -j, -2*l = j + 4*j - 3405. Is j prime?
False
Let l be ((-14)/21)/((-2)/6). Suppose l*c - 5*u + 0*u = 1260, -5*u = -5*c + 3165. Is c a composite number?
True
Suppose g = 11*o - 7*o + 3279, 2*o + 6588 = 2*g. Is g a prime number?
True
Let s(d) = -d**2 + 49*d + 517. Is s(55) a prime number?
False
Let i(d) = -1196*d - 191. Let a(q) = -399*q - 63. Let u(h) = -7*a(h) + 2*i(h). Is u(12) a prime number?
True
Let l = 34 + -40. Is 344 + ((-9)/l)/((-5)/10) prime?
False
Suppose -221025 - 108897 = -18*r. Is r a composite number?
False
Suppose -3*c - 28 = 2*y + 9, -5*c + 5*y - 70 = 0. Let i = c - -15. Suppose 0 = i*g - 219 - 139. Is g a composite number?
False
Is (0/3 - 2)*(-10884)/8 composite?
True
Let o(n) = n**3 + 18*n**2 + 16*n + 2. Let m be o(-14). Suppose 553 + m = r. Is r a prime number?
False
Let v(q) = 2*q**2 + 4*q + q**2 + 2 + q**3 - 3. Let j(z) = z**2. Let m be j(-2). Is v(m) composite?
False
Is 4397*5 - (-30 + 24) a composite number?
False
Suppose -6*c - 207855 = -9*c - 6*s, 138571 = 2*c + 3*s. Is c composite?
True
Suppose 14*r - 6 = 11*r, 5*b = 5*r + 320855. Is b prime?
False
Let x = -38 - -40. Suppose -x*p + 0*p + 2554 = 0. Is p a prime number?
True
Let l(m) = m**2 + 3. Let f be l(-2). Suppose -2*o = 6, -5*j + f*o + 1327 = 3*o. Is j composite?
False
Suppose 7502 = h + 5*v, 3*v + 5686 = h - 1776. Is h composite?
False
Let k be 397 - (3 - 2 - 4). Let w = k - 66. Is w composite?
True
Suppose -u + 23 = -19. Suppose -2*k + f + u = 3*k, 0 = 4*k - f - 34. Suppose -5*t + k*t = 417. Is t prime?
True
Let f = 23 - 19. Is 810/42 + f/(-14) composite?
False
Let b be (4/9*177)/(12/90). Suppose 5*d + g = 2*g + b, 4*g = 2*d - 218. Is d a composite number?
True
Let w be 2/(-4) + -1*39/(-6). Is (-24)/w - (-124)/2 a composite number?
True
Let f(z) = -3*z**3 + 9*z**2 - 12*z - 29. Is f(-12) a composite number?
True
Let j be (-39)/((-6)/(-4) - 3). Let m = j - 20. Let r(o) = 2*o**3 - 10*o**2 + 6*o + 5. Is r(m) prime?
True
Let z = -27 - 9. Let j = 68 - z. Suppose 5*i - j - 6 = 0. Is i prime?
False
Let v(n) = -17*n**3 + 6*n**2 - 21*n + 7. Let z(o) = -9*o**3 + 3*o**2 - 11*o + 4. Let q(x) = 6*v(x) - 11*z(x). Is q(-3) composite?
True
Let n(t) = -t**2 - 2*t + 11. Let f be n(-4). Suppose 0 = -3*s + o + 245, -f*o + 84 = s - o. Is s a prime number?
False
Suppose -5*u = 2*p + 2101, 2*u + 8 + 2 = 0. Let s = 2125 + p. Is s a composite number?
False
Suppose 84 + 19 = o + 2*a, -3*a = 2*o - 208. Let h = o - 55. Is (-13)/h - 7626/(-8) composite?
False
Let f(j) be the first derivative of 1561*j**3/3 + 3*j**2 + 6*j - 25. Is f(-1) a composite number?
True
Let l be ((-269)/3)/(3/9). Let p = 122 - l. Is p a composite number?
True
Let u = 0 - -457. Is u a prime number?
True
Let c(u) = 96*u**2 + 25. Is c(-9) prime?
False
Let o be (-98)/(-10) + 1/5. Suppose 5*k = 940 + 1035. Suppose 5*h = o*h - k. Is h composite?
False
Is (-6654)/(-5)*250/100 a composite number?
True
Suppose -109*t + 1085189 = -150326. Is t a prime number?
False
Is -3836*(-1349)/342 + (-1)/(-9) composite?
False
Suppose -2*h = -7*h. Suppose -3*f + 1436 = -4*x - 1616, 4*x - 2*f + 3056 = h. Let l = x - -1169. Is l a composite number?
True
Let d(p) = 86*p**2 + 19*p + 3. Is d(-10) composite?
True
Suppose -2*z + 3*z - 5 = 0. Suppose -g + 4*l = 1 + 12, -3*g = z*l 